13. Let w(a) = -a**2 - 3*a**2 + 4 - 3*a - a**r - 6. Calculate w(x).
10
Let u(c) = -5*c + 30. Let x(y) = -1. Let q(f) = u(f) + 30*x(f). Give q(2).
-10
Let s(v) = 9*v**2 + 5*v. Let w(i) = -5*i**2 - 3*i. Let x(r) = -6*s(r) - 11*w(r). Calculate x(-3).
0
Let x(r) be the second derivative of -r**4/12 + 2*r**3/3 - 2*r**2 - 7*r. Calculate x(3).
-1
Let n(t) = -t**3 + 2*t**2 + t - 1. Let j = 18 + -13. Suppose 13 = 4*z + j. Calculate n(z).
1
Let t(n) = -n**3 + 4*n**2 + n - 5. Let r be -3*1/(-3)*13. Let m = -9 + r. Give t(m).
-1
Suppose -4*d + 5*s = d + 40, 5*d + 40 = 3*s. Let n = -6 - d. Let z(l) = -n + 9*l + 3 - 7*l. Determine z(-5).
-9
Let z(m) = -m**3 + 6*m**2 + 2*m - 4. Let i be -2 - 2/3*-12. Give z(i).
8
Let b(v) = -v**3 - v**2 - v. Let g(t) = -4*t**3 - 6*t**2 - 5*t + 1. Let a(r) = 5*b(r) - g(r). Determine a(0).
-1
Suppose 0*i - 10 = 2*i. Let s(y) = -y**2 - 4*y + 5. What is s(i)?
0
Let p(j) be the second derivative of -j**7/840 - j**4/24 + j**3/3 + 2*j. Let y(c) be the second derivative of p(c). What is y(2)?
-9
Let t(s) = 9*s**3 + s**2 - s - 1. Suppose 4*h + 13 = 9. Give t(h).
-8
Let i(u) = 3*u**2 + u + 1. Let j(m) = -7*m**2 - m - 1. Let q(w) = 5*i(w) + 2*j(w). Let x(n) be the first derivative of q(n). Calculate x(-5).
-7
Let j(y) = 3*y - 15 + 19 + y**2 - 6*y - 5*y. Suppose 9 = 3*d - 12. What is j(d)?
-3
Let c(s) = s**2 + s. Let m(d) = -7*d**2 - 3*d + 1. Let x(k) = 6*c(k) + m(k). Determine x(4).
-3
Suppose 3*k + 21 = 3*s, 4*k + 6 + 14 = 0. Let f(l) = 2*l + l**s + l**3 + 2*l**2 - 7*l. What is f(-4)?
4
Let w(r) = -r**2 + 2. Let z be w(0). Suppose -2*n - 6 = z. Let i(g) = -g**2 - 5*g - 5. Give i(n).
-1
Let i(o) = o - 3. Let a = -21 + 41. Suppose -2*g - 5*y + a = 0, -g - 2*g + 16 = 4*y. Calculate i(g).
-3
Let d(g) = g**2 + g - 3. Let o be d(-2). Let z(a) = 12*a + 1. Determine z(o).
-11
Suppose -k + 4 - 2 = 0. Let r(w) = 4 - 4*w**k + w**2 + 4*w - w**3 + 0. Give r(-4).
4
Let c(w) = -w + 3. Let r be 66/(-12) + (-2)/4. Give c(r).
9
Let h = 13 - 18. Let s(q) = q**3 + 4*q**2 - 6*q - 6. Let o be s(h). Let a be -1 + 1 - (o - 0). Let r(c) = 6*c**3 - c. Give r(a).
5
Let v(y) = 2*y + 4 + y**2 - 7*y + 4*y + 3*y. Let t be 8/12*18/(-4). Determine v(t).
7
Let i(m) = -2*m**3 - 1 + 3*m - 1 - 2*m**2 + 4*m**3 - m**3. Determine i(2).
4
Let b(p) = -p - 1. Let l(g) = 12*g + 7. Let o(j) = 6*b(j) + l(j). What is o(-1)?
-5
Let b(c) = 8*c**3 - c + 1. Suppose -5*m = 3*p - 17 - 0, 0 = 4*p + m - 17. Suppose p*h - 1 = 3. Calculate b(h).
8
Let i(o) = 6*o**3 - 3*o**2 + 2*o + 1. Let j(k) = k**3 + 1. Let q(a) = i(a) - 5*j(a). Let b be q(3). Let g(u) = -u**3 - u**2 + 2*u + 1. What is g(b)?
-7
Let u(l) be the second derivative of 3*l - 1/2*l**2 + 0 + 1/3*l**3. What is u(-1)?
-3
Let j = 2 + -3. Let a(v) = -12*v - 1 + 11*v + 5*v**2 + v**2. Determine a(j).
6
Let b(q) = 3. Suppose 4*f + 15 = -5*x, 2*f - 9 = 3*x + f. Let c(d) = -d - 4. Let v(w) = x*c(w) - 4*b(w). Give v(-1).
-3
Let z(n) = -8 + 9 - 1 - 3*n + 1. What is z(-1)?
4
Let k = 10 + -11. Let p(i) = -5*i. Give p(k).
5
Let r be (-4)/(-6)*(-2 - -5). Suppose -r*j + 9 = -5*o, -j - 5*o = 4 - 1. Let m(u) = u**2 + u**2 - u**j. What is m(1)?
1
Let i(x) = 127*x - x**2 + 0*x**2 - 131*x. What is i(-6)?
-12
Let v(c) = -301 + 295 + 5*c - 3*c. Suppose -g - 3*g + o + 36 = 0, -4*o = 5*g - 24. Let s = g - 3. Give v(s).
4
Let i = -7 - 1. Let d(g) = -g - 11. Let m be d(i). Let t be (3 - (0 - m)) + -1. Let x(y) = -8*y**3 + 1. What is x(t)?
9
Let v(s) = 3*s**3 - 13*s**2 + 13*s + 4. Let q(d) = -d**3 + 3*d**2 - 3*d - 1. Let a(y) = -9*q(y) - 2*v(y). What is a(-1)?
-4
Let i = 23 - 23. Let m(v) = -2*v**3 + 2*v**2 + v - 2. Let d = 3 + -2. Let g(a) = -a**3 + a**2 + a - 1. Let c(l) = d*g(l) - m(l). Calculate c(i).
1
Let o(b) = -4*b**3 + 7*b**2 - 2*b + 3. Let w(h) = 11*h**3 - 20*h**2 + 6*h - 8. Let x(z) = -8*o(z) - 3*w(z). Suppose -n = -1, -3*g + 3*n + 4 = -2. Give x(g).
3
Let m(a) = 5 + a**3 - 2*a**3 + 2*a**2 + 0*a**3 - 3. Let h be (12/2 - 2)*2. Let v = h + -5. Determine m(v).
-7
Let g = 182 + -176. Let f(i) = -3*i + 3*i + i + 4. Determine f(g).
10
Let z = -6 + 8. Let p(f) = -2 - 7*f**3 + 3*f**3 - 2*f + 3*f**3 - 2*f**2 + 4*f**2. What is p(z)?
-6
Let y = -71 + 21. Let c be ((-4)/10)/(5/y). Let k(n) = n**3 - 3*n**2 - 3*n - 3. Calculate k(c).
1
Let l = 5 - 3. Suppose i + 1 = -2*i - l*q, 0 = 5*i + 2*q - 5. Let x(b) = b**i + 7*b**2 - 2*b - 4*b**2 - 3 - 2*b**3. Give x(3).
-9
Let i(d) = 11*d + 2. Let g(j) = 4*j + 1. Let n(k) = -8*g(k) + 3*i(k). Give n(3).
1
Let h(q) = -q**3 - q**2 + 2*q + 1. Let i = -3 + 1. Let a(d) = -d + 1. Let z be a(1). Let c = i + z. What is h(c)?
1
Let k(j) be the second derivative of -j**4/12 + j**3/3 + 3*j**2/2 - 14*j. Give k(4).
-5
Let d(p) = p**2 - 10*p + 6. Suppose -5*a = -a - 36. Let m be d(a). Let z(q) = 3 - 4*q - 2 + 2*q. Determine z(m).
7
Let y(h) = 2 - 7*h - 2*h**2 - 2*h**2 + 3*h**2. Give y(-5).
12
Suppose -44 = -5*r + 4*m, -4 = 3*m + m. Let l(w) = w**3 - 8*w**2 - w + 4. Give l(r).
-4
Let g(p) = -p - 1 + 2 + 0 + 8. Give g(5).
4
Let h(m) = m**2 - 2*m + 2. Let w be h(2). Let u(i) = 0*i**2 - i**w + 0 + 0 - 3*i. Give u(-4).
-4
Let a(f) = -3*f - 6. Suppose -5*d - i = -57, 0*i - 15 = -d + i. Let v = 14 + -7. Let c = v - d. Determine a(c).
9
Let l be (0/3 - -1)*0. Let c(p) = 2*p**3 - 3*p**2 + 4*p - 3*p**3 + l*p**3 - 3*p. Give c(-2).
-6
Let s = 4 + -4. Suppose s = -k - 2*k + 9. Let h(q) be the third derivative of -q**6/120 + q**5/60 + q**4/8 + 2*q**3/3 + 4*q**2. Give h(k).
-5
Let d(l) = -l**3 - l**2 - l + 7. Suppose 5*g - 5*h = -10, g = -g - 5*h + 10. Suppose 0 = 2*v - v. Suppose -a + g*a = v. Give d(a).
7
Let s(i) be the third derivative of -i**6/120 - i**5/10 + i**4/3 + 29*i**2. Determine s(-7).
-7
Suppose g - 5*g + 10 = 2*f, 20 = g - 3*f. Let t(c) = 2*c - 1. Calculate t(g).
9
Suppose -5*c = 2*o + 3*o - 5, 5*c - 5*o = 15. Suppose 5*a + f - 5 = 4, 0 = -5*a - 2*f + 8. Let u(j) = 3*j**a - j**2 + 1 - 3*j**2 + j. Give u(c).
-1
Suppose -5*i + 16 = v, 9 = -9*v + 6*v + 4*i. Let z(l) = 20*l. Let a(b) = b. Let o(g) = -36*a(g) + 2*z(g). Give o(v).
4
Let d(n) be the second derivative of -n**5/20 - n**4/4 + n**2 - 20*n. Give d(-3).
2
Suppose 3*k + 12 = 0, m + 8 = -m - 4*k. Suppose -2*f + 4*c - 20 = 0, 0 = m*f - f - 2*c + 10. Let u(n) = n**3 + n + 1 + 0*n - 3. Determine u(f).
-2
Suppose 11 = 3*m - 4. Let y(a) = a**2 - 5*a + 3. What is y(m)?
3
Let i(h) be the third derivative of h**5/60 - 5*h**4/24 - 5*h**3/6 - 2*h**2. Let p be i(6). Let n(a) = 2*a - 4*a**2 + 3 + 5*a**2 - p. Give n(-2).
2
Let p(w) = w**2 + 8*w + 5. Suppose 18 = 2*t + 4*z, -19 = -t - 4*t + 3*z. Suppose -t*i = -6*i - 6. What is p(i)?
-7
Let a(r) = -8 + 0 - 10*r + r**3 + 0 - 6*r**2 + 9*r. What is a(6)?
-14
Let a be 5 - ((-1 - 1) + 2). Let f(v) = 4 + 2*v - a*v + 2*v. Let d = -2 + 4. Determine f(d).
2
Let n(h) = -12*h + 1. Let b(u) = 11*u - 1. Let k be 1*-5 + 2 - 2. Let t(f) = k*n(f) - 6*b(f). Suppose 0 = 2*m + 2*o - 6, -m - 3*m + 8 = 2*o. Determine t(m).
-5
Let z(q) = 4*q + 4. Suppose -c - 10 = -2*x - 3*c, 0 = 3*c - 9. Let f(o) = 2 + 4*o**3 - 5*o**3 + 3*o**x - 1 + 3*o. Let w be f(4). What is z(w)?
-8
Suppose m - 3*b = b - 8, 1 = b. Let h(n) = n**3 + 2*n**2 - 9*n + 1. Let g(y) = y**3 + 2*y**2 - 8*y. Let l(o) = -3*g(o) + 2*h(o). Calculate l(m).
10
Let p(l) = -l**2 - 3*l - 1. Let x be p(-2). Let z = x - 0. Let k(y) = y**2 + 4*y + 1. Let t(a) = -3*a**2 - 11*a - 3. Let m(f) = -17*k(f) - 6*t(f). Give m(z).
0
Let p(m) = m + 0 - 2*m**2 - 4 + m**3 - 2*m - 2*m. Calculate p(3).
-4
Let p(m) be the third derivative of -m**4/24 + 2*m**3/3 + 3*m**2. Let v = -2 + 2. Determine p(v).
4
Let c(r) = -r**3 + 2*r**2 + 8*r - 9. Let k be c(6). Let l be k/(-20) - (-1)/(-4). Let y(p) = 4*p - l*p + 0*p + 5*p**2 - p**3 + 4. Calculate y(5).
-1
Let n(b) = 3*b**3 + b**2 - b - 3. Let a(c) = -13*c**3 - 4*c**2 + 3*c + 13. Let s(g) = 2*a(g) + 9*n(g). Give s(-2).
1
Let z(c) = -8*c. Suppose -4*g + 28 = -0*g. Let j(b) = -b**3 + 6*b**2 + 7*b - 1. Let r be j(g). Let k be r/(-3) + (-8)/(-12). Determine z(k).
-8
Let n(g) = g**2 - g + 1. Let w(m) = 2*m**2 - 9*m - 2. Let y(b) = 3*n(b) - w(b). Let r(l) = -l**2 + 2*l + 1. Let f be r(3). Let i be 4*f/(-2 - -4). Give y(i).
-3
Let n(j) be the third derivative of j**6/144 - j**5/40 - j**4/8 + 3*j**2. Let c(h) be the second derivative of n(h). Give c(2).
7
Let w(u) = 3*u + 2. Let l be w(-3). L